 21?
21
Calculate the greatest common factor of 45 and 375.
15
Calculate the greatest common divisor of 312 and 195.
39
Calculate the highest common divisor of 18000 and 1250.
250
Calculate the greatest common factor of 50 and 175.
25
Calculate the highest common divisor of 13 and 416.
13
Calculate the greatest common divisor of 58 and 3045.
29
Calculate the greatest common divisor of 52 and 130.
26
Calculate the highest common factor of 27 and 423.
9
Calculate the highest common divisor of 8481 and 528.
33
Calculate the greatest common factor of 1536 and 60.
12
What is the highest common factor of 3392 and 1216?
64
Calculate the highest common divisor of 16 and 280.
8
What is the highest common divisor of 1751 and 1292?
17
Calculate the highest common factor of 51 and 1632.
51
What is the highest common divisor of 162 and 3048?
6
What is the highest common factor of 70 and 10?
10
Calculate the greatest common factor of 37 and 14245.
37
Calculate the highest common divisor of 31 and 248.
31
What is the greatest common factor of 50 and 10?
10
Calculate the greatest common divisor of 4 and 118.
2
Calculate the greatest common divisor of 8 and 18.
2
Calculate the greatest common factor of 1375 and 11.
11
What is the greatest common divisor of 20 and 1790?
10
Calculate the greatest common divisor of 4191 and 33.
33
What is the greatest common divisor of 12931 and 67?
67
What is the greatest common factor of 54 and 198?
18
What is the highest common divisor of 1701 and 9?
9
What is the highest common divisor of 57 and 1406?
19
Calculate the greatest common factor of 221 and 51.
17
Calculate the highest common divisor of 110 and 22.
22
What is the highest common factor of 470 and 10?
10
Calculate the greatest common divisor of 90 and 50.
10
What is the highest common divisor of 3656 and 8?
8
What is the greatest common divisor of 1515 and 30?
15
Calculate the highest common divisor of 1105 and 2470.
65
What is the highest common divisor of 7 and 1799?
7
Calculate the greatest common factor of 12 and 48324.
12
What is the greatest common divisor of 3481 and 413?
59
What is the greatest common divisor of 7611 and 516?
129
What is the greatest common factor of 2008 and 8?
8
What is the greatest common divisor of 106710 and 30?
30
What is the greatest common factor of 5125 and 1625?
125
What is the highest common factor of 1593 and 27?
27
Calculate the greatest common factor of 212 and 30316.
212
What is the highest common factor of 11152 and 1904?
272
What is the highest common factor of 1305 and 1537?
29
Calculate the highest common factor of 600 and 6240.
120
What is the highest common factor of 4500 and 4140?
180
What is the highest common divisor of 7047 and 486?
243
Calculate the greatest common factor of 27 and 8937.
27
What is the highest common divisor of 2877 and 548?
137
Calculate the highest common divisor of 135 and 2781.
27
What is the greatest common factor of 112 and 14?
14
What is the highest common factor of 131 and 21353?
131
What is the greatest common divisor of 3735 and 405?
45
Calculate the greatest common divisor of 3339 and 13727.
371
What is the highest common factor of 252 and 14?
14
Calculate the highest common factor of 187 and 11.
11
Calculate the greatest common factor of 39 and 2327.
13
Calculate the highest common divisor of 8 and 2176.
8
What is the highest common factor of 108 and 688?
4
Calculate the greatest common factor of 45 and 36.
9
What is the greatest common divisor of 100 and 1860?
20
What is the highest common divisor of 78 and 16250?
26
Calculate the greatest common divisor of 2398 and 88.
22
Calculate the highest common divisor of 1261 and 52.
13
Calculate the greatest common factor of 1064 and 15694.
266
What is the highest common divisor of 28416 and 36?
12
What is the highest common divisor of 70 and 518?
14
Calculate the highest common divisor of 53 and 2809.
53
Calculate the greatest common factor of 1 and 16.
1
What is the highest common factor of 171 and 54?
9
What is the highest common factor of 132 and 198?
66
Calculate the highest common divisor of 28 and 3346.
14
Calculate the greatest common divisor of 85 and 153.
17
Calculate the greatest common factor of 220 and 80.
20
What is the highest common divisor of 52 and 182?
26
What is the greatest common divisor of 3230 and 1360?
170
What is the highest common divisor of 88 and 308?
44
What is the greatest common divisor of 7557 and 458?
229
What is the highest common divisor of 17 and 7956?
17
Calculate the highest common factor of 228 and 2.
2
Calculate the greatest common factor of 55 and 4631.
11
Calculate the greatest common factor of 323 and 187.
17
Calculate the greatest common divisor of 2236 and 78.
26
Calculate the greatest common factor of 76 and 2204.
76
What is the greatest common divisor of 80 and 860?
20
Calculate the greatest common divisor of 106 and 14734.
106
Calculate the highest common divisor of 91 and 3913.
91
Calculate the greatest common factor of 21 and 10794.
21
What is the greatest common factor of 1017 and 1?
1
What is the greatest common factor of 154 and 66?
22
Calculate the highest common divisor of 2064 and 86.
86
Calculate the greatest common factor of 35 and 355.
5
Calculate the greatest common divisor of 12 and 33.
3
What is the greatest common factor of 3375 and 175?
25
Calculate the greatest common divisor of 1593 and 54.
27
What is the highest common factor of 108 and 20?
4
Calculate the greatest common factor of 62 and 2759.
31
Calculate the highest common factor of 10 and 55.
5
What is the highest common factor of 3103 and 58?
29
Calculate the greatest common factor of 106 and 2862.
106
What is the greatest common factor of 42 and 14?
14
What is the greatest common factor of 194 and 60722?
194
What is the greatest common factor of 48 and 80?
16
What is the greatest common divisor of 75 and 300?
75
What is the greatest common factor of 11 and 99?
11
Calculate the highest common factor of 3021 and 114.
57
Calculate the highest common divisor of 752 and 64.
16
What is the greatest common factor of 26 and 611?
13
Calculate the highest common factor of 21 and 6720.
21
What is the highest common divisor of 69 and 19941?
69
Calculate the greatest common factor of 8 and 2.
2
Calculate the greatest common factor of 49566 and 22.
22
What is the highest common factor of 46 and 759?
23
Calculate the greatest common factor of 9854 and 52.
26
What is the greatest common factor of 30 and 15?
15
What is the greatest common factor of 41 and 123?
41
Calculate the highest common factor of 1408 and 44.
44
Calculate the greatest common divisor of 2041 and 416.
13
What is the highest common divisor of 9515 and 55?
55
What is the greatest common factor of 2392 and 920?
184
What is the highest common factor of 5 and 4120?
5
Calculate the greatest common divisor of 34 and 425.
17
What is the greatest common factor of 305 and 1037?
61
What is the greatest common divisor of 2327 and 1969?
179
Calculate the highest common factor of 1598 and 34.
34
What is the highest common factor of 14 and 1302?
14
Calculate the highest common factor of 56 and 154.
14
What is the highest common factor of 233 and 1?
1
What is the highest common divisor of 12 and 78?
6
What is the greatest common divisor of 297 and 693?
99
What is the highest common factor of 133 and 19?
19
Calculate the highest common divisor of 195 and 15.
15
Calculate the highest common factor of 105 and 4340.
35
What is the highest common factor of 60 and 1668?
12
Calculate the highest common factor of 3979 and 1211.
173
What is the greatest common divisor of 1127 and 147?
49
Calculate the highest common divisor of 19 and 589.
19
What is the highest common divisor of 330 and 264?
66
What is the greatest common factor of 168 and 642?
6
Calculate the highest common divisor of 722 and 114.
38
Calculate the highest common factor of 37 and 703.
37
Calculate the greatest common divisor of 8370 and 93.
93
What is the greatest common factor of 40 and 76?
4
Calculate the highest common divisor of 3945 and 30.
15
Calculate the highest common divisor of 4278 and 279.
93
What is the greatest common divisor of 4 and 54?
2
What is the highest common factor of 264 and 2244?
132
What is the hi